{"id":108,"date":"2015-11-15T21:21:05","date_gmt":"2015-11-15T21:21:05","guid":{"rendered":"http:\/\/casadoamigo.org.br\/home\/?page_id=108"},"modified":"2024-07-27T03:33:43","modified_gmt":"2024-07-27T03:33:43","slug":"as-atividades","status":"publish","type":"page","link":"http:\/\/casadoamigo.org.br\/home\/sobre-nos\/as-atividades\/","title":{"rendered":"O atendimento"},"content":{"rendered":"<hr>\n<h2><span style=\"color: #000080;\">O atendimento<\/span><\/h2>\n<p>Atendimento inicial de 30 (trinta) crian\u00e7as e adolescente inclu\u00eddos do transtorno do espectro autista, entre 03 e 14 anos, frequentes em escolas, \u00a0bem como seus familiares e cuidadores.<\/p>\n<p>Visando:<\/p>\n<p>Promover o desenvolvimento global da crian\u00e7a, incluindo o desenvolvimento cognitivo, motor, social e emocional.<\/p>\n<p>&#8211; Melhorar a qualidade de vida da crian\u00e7a e de sua fam\u00edlia.<\/p>\n<p>&#8211; Integrar a crian\u00e7a na sociedade, garantindo seu acesso \u00e0 educa\u00e7\u00e3o, sa\u00fade, lazer e trabalho.<\/p>\n<p>Algumas metas espec\u00edficas\u00a0 incluem:<\/p>\n<p>&#8211; Melhorar a comunica\u00e7\u00e3o e intera\u00e7\u00e3o social da crian\u00e7a.<\/p>\n<p>&#8211; Reduzir os comportamentos desafiadores.<\/p>\n<p>&#8211; Aumentar a autonomia e independ\u00eancia da crian\u00e7a.<\/p>\n<p>&#8211; Promover o desenvolvimento de habilidades acad\u00eamicas e profissionais.<\/p>\n<p>Para alcan\u00e7ar essas metas, \u00e9 necess\u00e1rio um atendimento multidisciplinar, que envolva profissionais de diferentes \u00e1reas, como:<\/p>\n<p>&#8211; Professores, terapeutas ocupacionais, terapeutas f\u00edsicos, fonoaudi\u00f3logos, psic\u00f3logos, assistentes sociais,\u00a0 fisioterapeutas., psic\u00f3logos, terapeutas ocupacionais.<\/p>\n<p>O atendimento dever\u00e1\u00a0 ser individualizado e adaptado \u00e0s necessidades espec\u00edficas de cada crian\u00e7a. \u00c9 importante que a fam\u00edlia seja envolvida no processo, para que possa apoiar a crian\u00e7a em casa.<\/p>\n<p>&#8211; Interven\u00e7\u00f5es comportamentais:\u00a0para reduzir comportamentos desafiadores e promover comportamentos adaptativos.<\/p>\n<p>&#8211; Terapia de comunica\u00e7\u00e3o:\u00a0para melhorar a comunica\u00e7\u00e3o verbal e n\u00e3o verbal da crian\u00e7a.<\/p>\n<p>&#8211; Terapia ocupacional:\u00a0para promover o desenvolvimento de habilidades motoras e de coordena\u00e7\u00e3o.<\/p>\n<p>&#8211; Fonoaudiologia:\u00a0para promover o desenvolvimento da linguagem e da fala.<\/p>\n<p>&#8211; Psicoterapia:\u00a0para promover o desenvolvimento emocional e social da crian\u00e7a e cuidadores<\/p>\n<p>\u00c9 importante ressaltar que o atendimento de crian\u00e7as autistas \u00e9 um processo cont\u00ednuo, que deve ser adaptado \u00e0 medida que a crian\u00e7a cresce e se desenvolve.<\/p>\n<h2 class=\"entry-title\"><span style=\"color: #000080;\">Resultados esperados<\/span><\/h2>\n<p>Viabilizar o desenvolvimento do indiv\u00edduo inclu\u00eddo no Transtorno do Espectro do Autismo, no que diz respeito \u00e0s suas habilidades pessoais, subjetivas, cognitivas e sociais, e aperfei\u00e7oar a sua rela\u00e7\u00e3o com o mundo.<\/p>\n<\/div>\n","protected":false},"excerpt":{"rendered":"<p>O atendimento Atendimento inicial de 30 (trinta) crian\u00e7as e adolescente inclu\u00eddos do transtorno do espectro autista, entre 03 e 14 anos, frequentes em escolas, \u00a0bem como seus familiares e cuidadores. Visando: Promover o desenvolvimento global da crian\u00e7a, incluindo o desenvolvimento cognitivo, motor, social e emocional. &#8211; Melhorar a qualidade de vida da crian\u00e7a e de [&hellip;]<\/p>\n","protected":false},"author":1,"featured_media":0,"parent":19,"menu_order":0,"comment_status":"closed","ping_status":"closed","template":"","meta":{"footnotes":""},"class_list":["post-108","page","type-page","status-publish","hentry","post"],"_links":{"self":[{"href":"http:\/\/casadoamigo.org.br\/home\/wp-json\/wp\/v2\/pages\/108","targetHints":{"allow":["GET"]}}],"collection":[{"href":"http:\/\/casadoamigo.org.br\/home\/wp-json\/wp\/v2\/pages"}],"about":[{"href":"http:\/\/casadoamigo.org.br\/home\/wp-json\/wp\/v2\/types\/page"}],"author":[{"embeddable":true,"href":"http:\/\/casadoamigo.org.br\/home\/wp-json\/wp\/v2\/users\/1"}],"replies":[{"embeddable":true,"href":"http:\/\/casadoamigo.org.br\/home\/wp-json\/wp\/v2\/comments?post=108"}],"version-history":[{"count":9,"href":"http:\/\/casadoamigo.org.br\/home\/wp-json\/wp\/v2\/pages\/108\/revisions"}],"predecessor-version":[{"id":656,"href":"http:\/\/casadoamigo.org.br\/home\/wp-json\/wp\/v2\/pages\/108\/revisions\/656"}],"up":[{"embeddable":true,"href":"http:\/\/casadoamigo.org.br\/home\/wp-json\/wp\/v2\/pages\/19"}],"wp:attachment":[{"href":"http:\/\/casadoamigo.org.br\/home\/wp-json\/wp\/v2\/media?parent=108"}],"curies":[{"name":"wp","href":"https:\/\/api.w.org\/{rel}","templated":true}]}}