{"id":629,"date":"2024-07-27T00:27:59","date_gmt":"2024-07-27T00:27:59","guid":{"rendered":"http:\/\/casadoamigo.org.br\/home\/?page_id=629"},"modified":"2024-07-27T00:28:27","modified_gmt":"2024-07-27T00:28:27","slug":"caracteristicas-do-tea-celebrando-a-personalidade-unica","status":"publish","type":"page","link":"https:\/\/casadoamigo.org.br\/home\/caracteristicas-do-tea-celebrando-a-personalidade-unica\/","title":{"rendered":"Caracter\u00edsticas do TEA: Celebrando a Personalidade \u00danica"},"content":{"rendered":"<hr>\n<h2><span style=\"color: #000080;\">Caracter\u00edsticas do TEA: Celebrando a Personalidade \u00danica<\/span><\/h2>\n<p>N\u00f3s da Casa do Amigo vemos o TEA (Transtorno do Espectro Autista) como uma express\u00e3o maravilhosa da personalidade de cada crian\u00e7a. Vamos falar um pouco sobre algumas caracter\u00edsticas que fazem dessas crian\u00e7as t\u00e3o especiais:<\/p>\n<p>Comunica\u00e7\u00e3o \u00danica: Cada crian\u00e7a com TEA tem sua pr\u00f3pria maneira de se comunicar. Algumas preferem gestos ou express\u00f5es faciais, enquanto outras usam palavras com uma riqueza impressionante.<\/p>\n<p>Paix\u00f5es Intensas: Muitas crian\u00e7as com TEA t\u00eam interesses profundos em certos assuntos, e elas nos ensinam tanto com seu conhecimento e entusiasmo.<\/p>\n<p>Percep\u00e7\u00e3o Sensorial Rica: O mundo sensorial dessas crian\u00e7as \u00e9 fascinante. Elas podem sentir sons, luzes e texturas de uma maneira muito particular.<\/p>\n<p>Amor por Rotinas: As rotinas e estruturas ajudam a criar um senso de seguran\u00e7a e previsibilidade. \u00c9 como ter um mapa para navegar o dia a dia.<\/p>\n<p>Aten\u00e7\u00e3o aos Detalhes: Elas possuem uma incr\u00edvel capacidade de focar em detalhes que muitas vezes passam despercebidos pelos outros.<\/p>\n<p>Vamos celebrar juntos essas caracter\u00edsticas e reconhecer a beleza da individualidade de cada crian\u00e7a. Na Casa do Amigo, valorizamos cada personalidade e respeitamos cada hist\u00f3ria.<\/p>\n","protected":false},"excerpt":{"rendered":"<p>Caracter\u00edsticas do TEA: Celebrando a Personalidade \u00danica N\u00f3s da Casa do Amigo vemos o TEA (Transtorno do Espectro Autista) como uma express\u00e3o maravilhosa da personalidade de cada crian\u00e7a. Vamos falar um pouco sobre algumas caracter\u00edsticas que fazem dessas crian\u00e7as t\u00e3o especiais: Comunica\u00e7\u00e3o \u00danica: Cada crian\u00e7a com TEA tem sua pr\u00f3pria maneira de se comunicar. Algumas [&hellip;]<\/p>\n","protected":false},"author":1,"featured_media":0,"parent":0,"menu_order":0,"comment_status":"closed","ping_status":"closed","template":"","meta":{"footnotes":""},"class_list":["post-629","page","type-page","status-publish","hentry","post"],"_links":{"self":[{"href":"https:\/\/casadoamigo.org.br\/home\/wp-json\/wp\/v2\/pages\/629","targetHints":{"allow":["GET"]}}],"collection":[{"href":"https:\/\/casadoamigo.org.br\/home\/wp-json\/wp\/v2\/pages"}],"about":[{"href":"https:\/\/casadoamigo.org.br\/home\/wp-json\/wp\/v2\/types\/page"}],"author":[{"embeddable":true,"href":"https:\/\/casadoamigo.org.br\/home\/wp-json\/wp\/v2\/users\/1"}],"replies":[{"embeddable":true,"href":"https:\/\/casadoamigo.org.br\/home\/wp-json\/wp\/v2\/comments?post=629"}],"version-history":[{"count":2,"href":"https:\/\/casadoamigo.org.br\/home\/wp-json\/wp\/v2\/pages\/629\/revisions"}],"predecessor-version":[{"id":631,"href":"https:\/\/casadoamigo.org.br\/home\/wp-json\/wp\/v2\/pages\/629\/revisions\/631"}],"wp:attachment":[{"href":"https:\/\/casadoamigo.org.br\/home\/wp-json\/wp\/v2\/media?parent=629"}],"curies":[{"name":"wp","href":"https:\/\/api.w.org\/{rel}","templated":true}]}}